 s = 133 + -67. List the prime factors of s.
2, 3, 11
Let x = 6 - 4. Suppose 0 = x*m - 8 + 2. Suppose m*y = -y + 64. What are the prime factors of y?
2
Suppose -l + k - 13 = -4, l + 3*k + 5 = 0. Let a be -10*((-6)/4 + 2). Let w = a - l. List the prime factors of w.
3
Suppose x - 42 = -8*v + 4*v, v + 147 = 5*x. What are the prime factors of x?
2, 3, 5
List the prime factors of (-36)/(-2 - 2)*3.
3
List the prime factors of (6 - 52/(-8))*4/5.
2, 5
Let t(f) = 9*f + 3. Let m be t(3). Suppose 0*n = 3*n - m. List the prime factors of n.
2, 5
Let j = 2 + -2. Let r(p) = p + 17. What are the prime factors of r(j)?
17
Suppose 6 = -z + 4*z. List the prime factors of 2*(5 - 1 - z).
2
Suppose f = -m + 1, 6*m = 3*m + 12. Let p(a) = a**2. List the prime factors of p(f).
3
Suppose -12 = -d - 3*d. Suppose -2 = -19*g + 21*g. Let i = g + d. List the prime factors of i.
2
Suppose 5*v + 4 - 5 = -3*r, 0 = -4*v + 5*r + 23. Let l be -1*(-3)/(-9)*-15. Suppose -14 = -v*z + s, 5*z - l = -s + 16. List the prime factors of z.
5
What are the prime factors of (-49)/(-1) - (-42)/(-14)?
2, 23
Let y be 1 + 3 + -1 + -1. Suppose y*h - 19 = 7. What are the prime factors of h?
13
Suppose 3*w - 20 = 28. Let z = -4 - 224. List the prime factors of z/(-14) + w/(-56).
2
Let j be (-6 - -1) + -4 + 1. List the prime factors of (-2 - (-6)/4)*j.
2
Let d(l) = -3*l - 21. What are the prime factors of d(-16)?
3
Let o be (-8)/20 - 804/(-10). Suppose -7*c + 2*c + o = 0. List the prime factors of c.
2
What are the prime factors of 2 - (-4 - (17 - 2))?
3, 7
Suppose -2*v = -47 - 19. What are the prime factors of v?
3, 11
Let h = 116 - 53. List the prime factors of h.
3, 7
Suppose -3*q + 268 = 79. What are the prime factors of q?
3, 7
Suppose -2*g + 23 = 3*v - 11, -5*v + g + 61 = 0. Suppose 0 = 3*y - v - 0. Suppose r - 6*r + 5*k = 0, 0 = -y*k + 12. What are the prime factors of r?
3
Let o = 34 - -8. List the prime factors of o/(-8)*8/(-3).
2, 7
Let y(v) = v**3 - 5*v**2 - 9*v + 2. Let b = -3 + 9. Let r be y(b). Let s = 34 + r. What are the prime factors of s?
2, 3
Let j = 6 + 15. Suppose -z + 2*z + 1 = 0. List the prime factors of z + 1 + -4 + j.
17
Let h = 7 - 2. Suppose 3*b + 43 = 4*u, -5*u + 68 = -h*b + 13. What are the prime factors of u?
2, 5
Let l = 466 - 907. List the prime factors of 1/(-3) + l/(-27).
2
Let s be 18*2 - 0/(-3). Let p = -22 + s. What are the prime factors of p?
2, 7
Suppose -3*y + y - 4*c = -414, -398 = -2*y + 4*c. What are the prime factors of y?
7, 29
Suppose 4*w - 24 = -2*g, 0*w = -3*g + 3*w - 9. Suppose -2*n = g*n. Suppose -2*c = 4*t, -c + n = 3*t + 4. List the prime factors of c.
2
Suppose 2*z - 2*t = 0, -5*t + 5 = -4*z + 1. List the prime factors of (-2 + z)/(4/8).
2
Let r = 3 + -4. Let m be (r/((-1)/(-1)))/(-1). List the prime factors of -1 + 7 + m + -2.
5
Let o(v) = -v**3 + v**2 - v. Let l(z) = z**3 - 13*z**2 - 8*z - 3. Suppose 8 = f - 5*f. Let i(s) = f*o(s) - l(s). List the prime factors of i(-10).
3
Suppose -6 = h - 4. What are the prime factors of ((-3)/h)/(3/32)?
2
Let z be -3 - (-2)/(8/12). Suppose 0 = -n + m + 21, z*n - 4*m = 4*n - 68. What are the prime factors of n?
19
What are the prime factors of (-1 - (-130)/(-2))/(-3 + 1)?
3, 11
Let b = 26 - 30. Let o(s) be the second derivative of s**5/20 + s**4/2 + 5*s**3/6 - s**2/2 + s. List the prime factors of o(b).
11
Let t(g) = -3*g**3 + 2*g**2 - g - 10. List the prime factors of t(-2).
2, 3
Let t be 0/(3/(3/(-2))). Suppose 3*j + 25 = -2*j, t = -3*w + 2*j + 7. What are the prime factors of (w/3)/((-1)/33)?
11
Let q be 12/9*(-1 + 4). Let c be (-2)/4 + 10/q. Suppose 0 = c*m + k - 21, -3*m - 2*k = 3*k - 35. List the prime factors of m.
2, 5
Let i(n) = 8*n + 3. List the prime factors of i(2).
19
Let n = -1 - -4. Let m(h) = 2*h**2 - 3. List the prime factors of m(n).
3, 5
Suppose 6*o = 2*o. Suppose -5*k + 15 = -o*k. Suppose k = -h + 2*h - 3*g, -11 = -h - g. List the prime factors of h.
3
What are the prime factors of 1/(((-1)/246*-3)/2)?
2, 41
Let c(w) = -7*w + 31. List the prime factors of c(-8).
3, 29
Let g be 2 - 1/(-2)*2. Suppose -z + 68 = 4*b, 1 = -b + 5*z - g. Suppose -5*p = -4 - b. List the prime factors of p.
2
Let l be (-2 - 1)/((-3)/2). Suppose 0 = -l*j + 29 - 3. Suppose h - j = -2. What are the prime factors of h?
11
Let o(u) = -6*u. Let g(f) = f - 1. Let a(n) = g(n) + o(n). Let m be a(-1). Suppose 16 = 2*k - 2*d, -3*k + 0*d + 19 = -m*d. What are the prime factors of k?
13
Let r be 24/12 + 1*2. Suppose 6*f = r*f + 42. List the prime factors of f.
3, 7
Let l be 112 + 1*(-2)/1. Suppose -2*s + l = -7*s. Let w = -14 - s. What are the prime factors of w?
2
Let v(j) = -j - 3. Let p be v(-5). List the prime factors of p/(-8) - (-87)/12.
7
Let x(y) = 11*y**2 + 3*y - 1. Suppose -3*k + 5 = -f, -4*k + 2*f = -4 - 2. What are the prime factors of x(k)?
7
Let f be (12/(-14))/((-3)/21). Suppose -184 = -f*q + 2*q. Suppose 5*z = -4*m + 91, -2*z + q = 5*m - m. What are the prime factors of z?
3, 5
Suppose 4*r = 4*n + 16, -2*r - n + 5 = -0. Suppose 250 = 2*q + r*q. Suppose 0 = -4*y + 18 + q. What are the prime factors of y?
17
Suppose 2*l - 4 = 0, -41 - 175 = -3*b - 3*l. Suppose 3*r + 25 = b. What are the prime factors of r?
3, 5
Let i = -2 + 6. Let a be i/6*(4 - -5). Suppose -3*y + a*y = 9. What are the prime factors of y?
3
Suppose 0 = -2*d - 2*d + 2*k + 40, 0 = -k - 2. Let t = -4 + d. List the prime factors of t.
5
Let v(u) = u**2 - 6*u - 2. Let f be v(3). Let r(m) = m**2 + 8*m - 16. List the prime factors of r(f).
17
Suppose -11*p - p + 1308 = 0. List the prime factors of p.
109
Let c(o) = 6*o**2 + 5*o. Let q be c(5). Suppose -5*i + q = 2*d, 0 = -i - 4*i - 3*d + 170. What are the prime factors of i?
37
Let t(p) = -p**2 + 9*p - 3. What are the prime factors of t(7)?
11
Suppose 15 = 5*x, 17 = 4*q + 4*x - x. Suppose 5*p - 17 = y, 3*p = q*y + 2 - 3. List the prime factors of y.
2
Let h = 300 - 125. List the prime factors of h.
5, 7
Let c(j) = j**2. Suppose 3*u = 5*u - 6. What are the prime factors of c(u)?
3
Let u = 13 - 8. Suppose 14 = 3*l + 4*p, 2*l = u*l - p - 4. List the prime factors of l.
2
Let r = 8 - 4. Suppose 5*o - z - 77 = 265, 4*o + 5*z = 262. Suppose 0*j - o = -r*j. List the prime factors of j.
17
Let b(o) = 8*o**2 - 4*o + 2. Let u be b(3). Suppose k - u = 3*c, -59 + 14 = 2*c + 3*k. Let y = c + 31. List the prime factors of y.
2, 5
Let c(q) be the second derivative of -q**5/20 + 7*q**4/12 - 5*q**3/6 - 3*q**2/2 - 2*q. Let u be 152/26 - (-2)/13. What are the prime factors of c(u)?
3
Suppose 54 = -7*t + t. What are the prime factors of (-12)/t*30/4?
2, 5
Suppose 0 = 8*y - 2*y - 612. List the prime factors of y.
2, 3, 17
Let u(z) be the third derivative of 1/24*z**4 + 0 + 0*z + 2*z**2 + 5/3*z**3. What are the prime factors of u(0)?
2, 5
Let y(u) = -5*u + 2. Let l be y(2). Suppose b = 4*b + 18. Let c = b - l. What are the prime factors of c?
2
Let d = 153 - -22. List the prime factors of d.
5, 7
Let p = -46 - -60. List the prime factors of p.
2, 7
Let i(c) = 4*c**3 + 4*c**2 - 2*c - 1. Let k be i(2). Suppose -k - 35 = -2*f. Suppose -3*t = -0*t - j - f, 5*j = -15. List the prime factors of t.
2, 3
Let o = -13 + -22. Let w = -25 - o. List the prime factors of w.
2, 5
Suppose -5*v + 0*p + 100 = 3*p, 4*p = -v + 3. Let h(b) = -b**3 + 12*b**2 - 8*b + 3. Let j be h(11). Let x = j - v. List the prime factors of x.
13
Suppose -5*h = -2*z - 259, 2*h + 3*z = 91 + 5. What are the prime factors of h?
3, 17
Suppose 3*b - l = 174 - 61, -3*b - 3*l = -93. Let n = b - 23. List the prime factors of n.
13
Suppose 0 = z - 2*z + 3*i + 21, -7 = -2*z - i. List the prime factors of z.
2, 3
Let q = -15 + 20. Let m = 15 - q. List the prime factors of m.
2, 5
Suppose -w = 4*t + 1, 25 = 5*t + w - 5*w. Let m be (-4 + 9)*t*7. Let k = -25 + m. What are the prime factors of k?
2, 5
Let n(a) = a**2 - 4*a - 2. Let d be (-2 + (-6)/(-9))*-3. Suppose 4*c = -d*u + 36, 5 = 3*u + c - 14. What are the prime factors of n(u)?
3
Suppose 5*d - d - 1128 = 0. List the prime factors of d.
2, 3, 47
Let y = 2 + -2. Let w be -2*(y - -2)/4. What are the prime factors of (5 - 0) + (-2)/w?
7
Suppose 3 = 4*i + 547. What are the prime factors of 11/33 + i/(-6)?
23
Let v = 4 + 14. What are the prime factors of v?
2, 3
Let q(a) = 4*a + 13. List the prime factors of q(8).
3, 5
